1
What is the ten thousands digit of 518047676?
4
What is the hundred millions digit of 2044073445?
0
What is the millions digit of 428222880?
8
What is the units digit of 5269459125?
5
What is the millions digit of 755093655?
5
What is the ten thousands digit of 2528518906?
1
What is the hundred millions digit of 754482901?
7
What is the units digit of 21138108?
8
What is the hundred thousands digit of 160297940?
2
What is the units digit of 126769827?
7
What is the ten millions digit of 109952417?
0
What is the thousands digit of 62457168?
7
What is the hundred thousands digit of 306653327?
6
What is the thousands digit of 37293284?
3
What is the ten thousands digit of 4318819483?
1
What is the hundred thousands digit of 516247485?
2
What is the millions digit of 147428140?
7
What is the units digit of 407291173?
3
What is the thousands digit of 3907437926?
7
What is the hundred thousands digit of 75564368?
5
What is the tens digit of 311312544?
4
What is the ten thousands digit of 851955860?
5
What is the hundred millions digit of 182818701?
1
What is the thousands digit of 128129297?
9
What is the tens digit of 71648387?
8
What is the ten thousands digit of 1089024632?
2
What is the thousands digit of 518794463?
4
What is the millions digit of 30914257?
0
What is the units digit of 7718764?
4
What is the hundreds digit of 1621587206?
2
What is the hundreds digit of 694520739?
7
What is the ten thousands digit of 96947383?
4
What is the billions digit of 1257951175?
1
What is the millions digit of 2222955696?
2
What is the millions digit of 485286362?
5
What is the ten thousands digit of 35813389?
1
What is the units digit of 1446554796?
6
What is the tens digit of 64625513?
1
What is the billions digit of 4874855857?
4
What is the thousands digit of 3218919987?
9
What is the units digit of 66450336?
6
What is the millions digit of 912474397?
2
What is the ten thousands digit of 88121099?
2
What is the hundred thousands digit of 9953708?
9
What is the tens digit of 62327731?
3
What is the hundreds digit of 279874468?
4
What is the ten thousands digit of 534982387?
8
What is the hundreds digit of 605849097?
0
What is the hundred millions digit of 4102643276?
1
What is the ten millions digit of 43154339?
4
What is the tens digit of 3646522379?
7
What is the ten thousands digit of 26896591?
9
What is the thousands digit of 2000325965?
5
What is the tens digit of 7247741?
4
What is the hundreds digit of 279907875?
8
What is the ten millions digit of 412229534?
1
What is the millions digit of 29135608?
9
What is the millions digit of 103739975?
3
What is the millions digit of 122101211?
2
What is the hundreds digit of 3358792616?
6
What is the hundred thousands digit of 22177686?
1
What is the units digit of 180275957?
7
What is the thousands digit of 1146439237?
9
What is the millions digit of 3270134?
3
What is the ten thousands digit of 1762313092?
1
What is the ten millions digit of 56651321?
5
What is the tens digit of 87721399?
9
What is the hundred thousands digit of 3054109734?
1
What is the tens digit of 393272107?
0
What is the ten millions digit of 6291356265?
9
What is the thousands digit of 5671045297?
5
What is the hundred thousands digit of 1449482913?
4
What is the thousands digit of 47942022?
2
What is the millions digit of 3625930131?
5
What is the hundreds digit of 19768873?
8
What is the thousands digit of 3765369169?
9
What is the units digit of 100601602?
2
What is the ten millions digit of 1527578531?
2
What is the tens digit of 116090376?
7
What is the hundred thousands digit of 93628845?
6
What is the units digit of 79678249?
9
What is the ten millions digit of 735507767?
3
What is the ten thousands digit of 471929731?
2
What is the units digit of 2372102530?
0
What is the thousands digit of 458296579?
6
What is the hundreds digit of 66851224?
2
What is the ten thousands digit of 640002821?
0
What is the ten millions digit of 32139036?
3
What is the tens digit of 101705278?
7
What is the ten thousands digit of 817428262?
2
What is the thousands digit of 98137075?
7
What is the thousands digit of 509438357?
8
What is the hundred thousands digit of 583869574?
8
What is the tens digit of 1692468835?
3
What is the thousands digit of 855795275?
5
What is the millions digit of 2127442?
2
What is the ten millions digit of 397481686?
9
What is the tens digit of 421427663?
6
What is the billions digit of 1721695877?
1
What is the tens digit of 5824985?
8
What is the hundred millions digit of 183726812?
1
What is the thousands digit of 14524392?
4
What is the units digit of 59776720?
0
What is the hundred millions digit of 191484153?
1
What is the thousands digit of 358868832?
8
What is the millions digit of 2054838872?
4
What is the millions digit of 8655439733?
5
What is the ten thousands digit of 190097466?
9
What is the ten thousands digit of 259532571?
3
What is the thousands digit of 8512065492?
5
What is the hundreds digit of 110364690?
6
What is the tens digit of 103326997?
9
What is the tens digit of 27768620?
2
What is the ten millions digit of 1553095775?
5
What is the units digit of 976748598?
8
What is the hundreds digit of 2249281042?
0
What is the ten millions digit of 36186412?
3
What is the billions digit of 6324438823?
6
What is the tens digit of 4282948268?
6
What is the thousands digit of 37379369?
9
What is the ten thousands digit of 100507005?
0
What is the hundred thousands digit of 25365905?
3
What is the units digit of 55454195?
5
What is the units digit of 32402731?
1
What is the hundred millions digit of 1082016892?
0
What is the hundreds digit of 186199009?
0
What is the ten thousands digit of 72579828?
7
What is the hundreds digit of 105447497?
4
What is the ten thousands digit of 270233024?
3
What is the tens digit of 224969580?
8
What is the ten millions digit of 80188517?
8
What is the thousands digit of 492164678?
4
What is the hundreds digit of 15408647?
6
What is the ten thousands digit of 4023550843?
5
What is the units digit of 33783251?
1
What is the hundred thousands digit of 19541340?
5
What is the millions digit of 746366268?
6
What is the hundred thousands digit of 311783431?
7
What is the hundred millions digit of 110807201?
1
What is the thousands digit of 4793520729?
0
What is the billions digit of 1556447873?
1
What is the millions digit of 620409024?
0
What is the units digit of 151344338?
8
What is the thousands digit of 670304285?
4
What is the tens digit of 164209511?
1
What is the ten millions digit of 50625261?
5
What is the hundred thousands digit of 19438176?
4
What is the tens digit of 2254631730?
3
What is the units digit of 471541464?
4
What is the ten thousands digit of 373931929?
3
What is the millions digit of 1086323419?
6
What is the hundreds digit of 548097881?
8
What is the units digit of 118467013?
3
What is the hundred thousands digit of 145525181?
5
What is the tens digit of 1290003753?
5
What is the units digit of 5653374?
4
What is the hundred millions digit of 401400132?
4
What is the thousands digit of 2864307117?
7
What is the millions digit of 73315433?
3
What is the millions digit of 153055632?
3
What is the units digit of 1615430459?
9
What is the thousands digit of 13772101?
2
What is the ten thousands digit of 207894938?
9
What is the tens digit of 256745687?
8
What is the units digit of 89485123?
3
What is the millions digit of 1602742544?
2
What is the ten millions digit of 440108101?
4
What is the hundred thousands digit of 24816284?
8
What is the hundreds digit of 112657184?
1
What is the millions digit of 657598151?
7
What is the ten thousands digit of 148139609?
3
What is the hundred millions digit of 234717952?
2
What is the thousands digit of 7412605?
2
What is the ten thousands digit of 145085396?
8
What is the ten millions digit of 594055175?
9
What is the hundreds digit of 1214353393?
3
What is the units digit of 151582609?
9
What is the ten millions digit of 107865768?
0
What is the ten millions digit of 93974841?
9
What is the millions digit of 54417446?
4
What is the hundred millions digit of 1618949275?
6
What is the thousands digit of 1075745667?
5
What is the hundreds digit of 2650526707?
7
What is the units digit of 154172745?
5
Wha